
Convert -10001010100110011110 (base 2) to base 5.
-121131320
Convert -c4e0d (base 15) to base 2.
-10011000011000100011
What is 6a448 (base 12) in base 5?
14023303
Convert -937954 (base 10) to base 3.
-1202122122001
Convert 1441026 (base 7) to base 6.
4102020
Convert -3301990 (base 12) to base 14.
-1409a68
-4340 (base 9) to base 4
-301323
Convert -1686311 (base 11) to base 6.
-141212140
What is -22342 (base 11) in base 12?
-16881
What is -27450 (base 14) in base 2?
-10111101001111110
What is 1011332 (base 5) in base 13?
7659
-12566 (base 16) to base 7
-431660
Convert -126b4f (base 16) to base 15.
-18c9e9
-3378a97 (base 11) to base 14
-adc8a3
What is -4354530 (base 6) in base 2?
-110101000110010110
What is 231058 (base 10) in base 15?
486dd
-984c0 (base 16) to base 10
-623808
What is -358c35 (base 16) in base 8?
-15306065
-1145a3 (base 12) to base 4
-1003231023
a7262 (base 13) to base 7
2363511
What is -26ee3a (base 16) in base 15?
-355e54
-14b326 (base 16) to base 5
-321402312
What is -12d3470 (base 14) in base 6?
-523201030
What is -401762 (base 8) in base 12?
-6452a
Convert -26a7 (base 12) to base 3.
-20002201
-129d7 (base 15) to base 4
-32203102
-5bee50 (base 15) to base 16
-433401
-315607 (base 9) to base 2
-101101110111000110
Convert -587a0 (base 13) to base 10.
-161694
Convert 286838 (base 9) to base 16.
2ae1b
What is -2000112202221 (base 3) in base 15?
-1631bd
What is -10020221200022 (base 3) in base 14?
-330c4c
What is 31034442 (base 5) in base 6?
5224545
Convert 10551441 (base 6) to base 9.
545667
Convert -159503 (base 10) to base 6.
-3230235
Convert -13772621 (base 8) to base 2.
-1011111111010110010001
-468937 (base 11) to base 6
-23535351
Convert 410464 (base 7) to base 4.
101003233
1a778a5 (base 11) to base 3
20120120011220
What is 1449a (base 16) in base 9?
135881
Convert 2512530 (base 7) to base 3.
121101122100
Convert -289b0a (base 14) to base 2.
-101011000001100101110
31015021 (base 6) to base 13
251764
What is 110101101101100101011 (base 2) in base 10?
1760043
Convert -1320101020 (base 4) to base 5.
-111230431
23334431 (base 5) to base 11
137587
What is 1110113102 (base 4) in base 15?
6c5be
What is 133133003 (base 4) in base 9?
215812
What is 27605505 (base 8) in base 6?
341301021
What is 66721 (base 11) in base 4?
113212332
1000011000001101111 (base 2) to base 13
97c69
-112222020101 (base 3) to base 6
-10152144
-1538645 (base 13) to base 9
-13684752
72025 (base 11) to base 7
615431
-102143 (base 6) to base 7
-33054
Convert -7493 (base 12) to base 3.
-122112110
-3b82a (base 15) to base 14
-4d796
36a586 (base 11) to base 16
8ed30
-413042 (base 5) to base 14
-4cdc
-a3450 (base 13) to base 2
-1000111100001001110
-57d41a (base 15) to base 2
-10000000000011011010010
What is 13720 (base 15) in base 16?
f393
-1234706 (base 8) to base 13
-bcb5b
Convert -133134132 (base 5) to base 15.
-d5ab2
What is -59a82 (base 13) in base 5?
-20224444
What is 110010001000111110000100 (base 2) in base 7?
216502345
Convert -450376 (base 10) to base 4.
-1231331020
What is 426008 (base 9) in base 12?
102998
Convert -11220110212222 (base 3) to base 9.
-4813788
Convert -3297 (base 13) to base 14.
-27db
4a82241 (base 11) to base 4
201220202333
What is -a058 (base 12) in base 10?
-17348
12032220310 (base 4) to base 7
16610260
111111002100021 (base 3) to base 9
14432307
Convert 9cd34 (base 16) to base 3.
1012122010222
3102b (base 14) to base 4
130310033
110102221012202 (base 3) to base 16
64e4d9
-623960 (base 10) to base 15
-c4d25
What is -ed80 (base 15) in base 16?
-c477
Convert 132302021 (base 4) to base 2.
11110110010001001
104403 (base 11) to base 14
44b4a
What is -246bb (base 14) in base 12?
-43711
24145532 (base 6) to base 9
1378472
Convert 121220200122 (base 3) to base 4.
1101101333
What is 2331240132 (base 5) in base 4?
110112331111
What is -35622 (base 13) in base 14?
-27874
-2310125 (base 6) to base 5
-12233424
Convert -41061 (base 15) to base 10.
-205966
What is 21131625 (base 8) in base 4?
101023032111
Convert e57a6 (base 15) to base 11.
457523
What is 10555104 (base 6) in base 14?
86d56
Convert -64658 (base 9) to base 15.
-ca4b
Convert -26248c (base 14) to base 16.
-14071c
Convert -2354533 (base 7) to base 9.
-505577
73116 (base 8) to base 7
154204
-40081 (base 13) to base 16
-1bead
111762 (base 16) to base 4
10101131202
684688 (base 10) to base 4
2213022100
Convert 2501311 (base 7) to base 8.
1160527
857a (base 15) to base 16
6e50
What is 314230321 (base 5) in base 6?
44150223
Convert 5350644 (base 7) to base 2.
10011110111011110101
-401a7 (base 13) to base 11
-79077
-33420324 (base 6) to base 3
-1220111101121
Convert -324607 (base 10) to base 2.
-1001111001111111111
Convert -424531 (base 7) to base 4.
-101333011
Convert -9289 (base 16) to base 11.
-26203
What is 145450540 (base 6) in base 13?
83672a
What is -1d2dc8 (base 14) in base 3?
-1222010002011
What is 11333123 (base 5) in base 2?
11001101111000101
What is 70171a (base 12) in base 2?
110101001111011000110
-11110010110000110000 (base 2) to base 15
-149952
What is 13421333 (base 5) in base 15?
2b298
Convert -104053 (base 6) to base 12.
-5029
What is 1102111 (base 4) in base 13?
2524
-75643 (base 8) to base 16
-7ba3
10210020002 (base 3) to base 6
1333002
11120532 (base 6) to base 7
2602655
What is 13103330 (base 4) in base 11?
20556
Convert 10111100100110000110 (base 2) to base 8.
2744606
Convert be114 (base 15) to base 2.
10010011100011010001
Convert -301b1 (base 16) to base 9.
-330254
What is 101010000100010 (base 2) in base 3?
1002112201
What is 531460 (base 16) in base 11?
3089761
What is 352564 (base 11) in base 5?
120402240
Convert 8601400 (base 9) to base 6.
242424043
What is -111102010111 (base 3) in base 16?
-40738
153949 (base 11) to base 8
723437
54153200 (base 7) to base 14
883070
Convert -24456573 (base 9) to base 15.
-10b5533
Convert 678190 (base 10) to base 4.
2211210232
-59784a (base 13) to base 11
-1225593
Convert 103527546 (base 8) to base 6.
1432115514
What is -280485 (base 12) in base 5?
-132223404
Convert e659 (base 15) to base 3.
2110210010
Convert 414353 (base 6) to base 15.
9d70
Convert 36aebe (base 16) to base 14.
694010
Convert -5a56 (base 13) to base 7.
-52106
17a9d (base 14) to base 4
32211023
Convert -100111011011110001 (base 2) to base 13.
-58699
Convert aba89 (base 13) to base 9.
524360
Convert -76aaa (base 16) to base 4.
-1312222222
Convert -211512 (base 6) to base 12.
-9b98
69aa1 (base 13) to base 2
101111000111000000
Convert -79180 (base 14) to base 5.
-33401131
What is 2dddb (base 14) in base 15?
24230
What is 130103312 (base 4) in base 5?
12202313
35047 (base 9) to base 6
300111
Convert 216a81 (base 12) to base 3.
222221102221
41900 (base 13) to base 12
58322
11656 (base 13) to base 8
76143
Convert -4671567 (base 8) to base 12.
-515847
-2431333 (base 6) to base 12
-62549
-124342134 (base 7) to base 5
-4013141033
1d62b32 (base 14) to base 3
1000202212010122
Convert -14315612 (base 8) to base 12.
-11094b6
-2a7b5c (base 14) to base 2
-101101001101000100110
Convert bc146 (base 16) to base 11.
486880
10020201121 (base 3) to base 16
f9d0
Convert b6a30b (base 14) to base 5.
3040041344
What is 11201101001 (base 3) in base 14?
25ba6
-120200020 (base 4) to base 9
-162601
31365255 (base 7) to base 11
1553789
3113111 (base 6) to base 11
a254a
What is -2a888 (base 16) in base 6?
-3422320
Convert 143c2a (base 13) to base 4.
1320221300
12101210011 (base 3) to base 14
2aa32
Convert 11653355 (base 7) to base 13.
2ac416
Convert -14354172 (base 8) to base 3.
-20010222001020
-13b206 (base 13) to base 6
-14153035
What is 22023041 (base 6) in base 16?
a0441
-2141432140 (base 5) to base 9
-8651378
Convert 1c9970 (base 13) to base 5.
142013120
Convert -5431a9a (base 12) to base 11.
-9032099
1444320213 (base 5) to base 16
3b877c
Convert -321033 (base 12) to base 11.
-49a381
Convert -1012105 (base 6) to base 10.
-48425
Convert 1102041400 (base 5) to base 11.
1384469
Convert -62191 (base 16) to base 9.
-672154
-148402 (base 9) to base 15
-1c16b
334310202 (base 5) to base 9
2703473
-9a312 (base 14) to base 9
-628660
What is c1c2 (base 16) in base 13?
19767
1422202 (base 5) to base 10
29677
What is -142106 (base 11) in base 16?
-364c4
Convert -421040055 (base 6) to base 15.
-99bd